e units digit of q(l)?
7
Let q be 1*(-1)/(1*-1). Let s(g) = g**3 + 2*g**2 + g + 1. Let p be s(-1). Suppose -2*y + p + q = 0. What is the units digit of y?
1
Let p = -61 - -135. Let y = -109 + p. Let x = -21 - y. What is the tens digit of x?
1
Suppose -2*f + 12 = 4. Suppose f*u - 80 = -4*p, -u + 14 = p + 2*p. What is the tens digit of u?
2
Suppose -w - 3 = i - 1, w + 6 = i. Let v(s) = 4*s**2 - s - s - 3*s**i - 1. What is the units digit of v(-1)?
2
What is the hundreds digit of 5*60/18*6?
1
Suppose 12*y = 14*y - 24. What is the tens digit of y?
1
Suppose v - t = -2*t + 14, 3*t = 5*v - 70. What is the tens digit of v?
1
Let a be (2/5)/((-1)/(-190)). Let c = a - 50. What is the units digit of c?
6
Let t(g) = -g**2 + 5*g - 4. What is the units digit of t(3)?
2
What is the units digit of (-7 - (-4 - 8))*7*1?
5
Let o(k) = -k**3 + 8*k**2 - 5*k - 2. Let t be o(7). What is the units digit of 24*((-27)/t - -3)?
8
Let m(v) = -v**2 + 8*v + 6. Let p be m(7). Suppose -2*o + 11 = -p. What is the units digit of o?
2
Let d(x) = 10*x + 17. Let c be d(-7). Let l = c + 81. What is the tens digit of l?
2
Let g(i) = i + 10. Suppose 19 = -2*q + l, q + 3*l - l = 3. Let m be g(q). Suppose -m*f + 2 + 21 = d, 2*f - d - 12 = 0. What is the units digit of f?
7
Suppose 3*o = -1 - 14. Let y = 5 + o. Suppose 2*p + y*p = 4*k + 22, 41 = 3*p - 2*k. What is the tens digit of p?
1
Let c(x) be the third derivative of 2*x**2 - 1/60*x**5 + 0*x + 0 - 1/2*x**3 + 3/8*x**4. What is the units digit of c(8)?
5
Let d = 7 - -61. Suppose 4*m - 4*r = d, -5*r - 2 = 8. What is the units digit of m?
5
Suppose -2*v + 0*v + 10 = 0. Let s = 7 - v. Let o = s - 0. What is the units digit of o?
2
Suppose -3*p + 5*y = -13, -2*y = p - 3*y - 3. Suppose -4*x + 125 = p. What is the tens digit of x?
3
Suppose 5*v - 2 = 3*v. Let c = v - -1. Suppose 3*d - 49 = c*y + 3*y, d - 27 = -y. What is the tens digit of d?
2
Suppose 0 = -d + 3*d - 18. What is the units digit of d?
9
Let o = 624 + -392. Suppose -4*g = -5*y - o, -y + 114 = 2*g - 3*y. Suppose 5*v = 4*i - g, -v - 4*v + 7 = i. What is the units digit of i?
2
Let j(n) = 0*n - n**2 - 11 + 14*n - n. What is the units digit of j(8)?
9
Suppose -2*p = 3*p - 10. Suppose -2*h = -v + p*h - 15, -2*h + 25 = 3*v. What is the units digit of v?
5
Let d = -18 - -26. Let s(w) = w**2 - 6*w - 8. Let v be s(d). Let l = 0 + v. What is the units digit of l?
8
Suppose -3*l + 29 = 2*q, -q - 3*q + 19 = 3*l. What is the tens digit of l?
1
Let g(u) = u - 2. Let k be g(5). Suppose 0*r + k*r - 12 = 0. Suppose -4*d = -r*h + d - 1, 4*h = 3*d + 9. What is the units digit of h?
6
Suppose 2*h = s + 15, -4*h + 40 = -5*s + s. Let i = -4 - s. What is the units digit of 10 + (-2 - -1)*i?
9
Let m be (-1)/3 + 10/3. Suppose r + t = -3*t + 56, -5*r + m*t + 395 = 0. What is the units digit of (-2)/(-5) - r/(-10)?
8
Suppose 0 = -3*n - 2*m + 3 + 16, -2*n + 3*m = -4. What is the units digit of n?
5
Suppose -5*r - 12 = 2*q, r = 5*q - 4*r - 40. Suppose -v + q*v = 6. What is the units digit of v?
2
Let r be 1*(6/1)/3. Suppose r*t = j + 12, -4*t - 5*j + 16 = 6. Suppose -35 = -t*l + 55. What is the units digit of l?
8
Let j(r) = -16*r - 2. Let x be j(-2). Suppose 2*i - 2*t - x = 0, 5*i + 21 - 103 = -2*t. What is the units digit of i?
6
Suppose 3*h - 70 = -v, h = 3*v - 4*h - 168. What is the tens digit of v?
6
Let t(s) = s**2 + s + 7. Let l be t(0). Suppose l = d - 0*d. Let i = -4 + d. What is the units digit of i?
3
Let z(y) = -2*y - 17. What is the units digit of z(-16)?
5
Suppose 7*i = 159 - 579. Let h(x) = 2*x + 1. Let j be h(-2). What is the tens digit of ((-6)/(-8))/(j/i)?
1
Let x be -4 - (1 + 2 + -6). Let r = 2 + x. What is the units digit of r?
1
Let r(w) = -w**2 - 10*w - 7. Let a be r(-10). Let h(g) = 7*g - g - g**3 + 1 - g - 6*g**2. What is the tens digit of h(a)?
1
Let h(l) = 2*l**2 + l + 2. What is the units digit of h(-2)?
8
Let q = 3 - 3. What is the units digit of 8*(2 - q/1)?
6
Let q = 15 + -2. Let s = 27 + -25. Suppose -s*g + q = 3. What is the units digit of g?
5
Let s(g) = -g**3 - 9*g**2 + 1. Let a be s(-9). Let d be -3*-1*(a - 2). What is the units digit of ((-4)/6)/(2/d)?
1
Let h(q) = 8*q - 4. What is the units digit of h(7)?
2
Suppose -4*x + l = 0, 6*l - 2*l = 5*x - 11. What is the units digit of (-18)/x + 8 + -9?
7
Suppose 2*s - 6*s + 4 = 0. What is the units digit of 7/7 + 24*s?
5
Let y(b) = 11 + 3*b + 2*b - 6*b. What is the units digit of y(6)?
5
Suppose p = 6*h - 3*h + 19, -4*p = 3*h - 61. Let u = -9 + p. What is the units digit of (-3 + u)/((-4)/(-2))?
2
What is the hundreds digit of (4212/273)/(2/14)?
1
Suppose 5*m - 339 = 3*q - 0*q, -5*q = 4*m - 286. Suppose -6*x - m = -9*x. What is the units digit of x?
3
Suppose 0 = 4*z + 2 - 10. What is the units digit of z/(-5) - 54/(-10)?
5
Suppose -106 = -3*l + 149. Let f = -54 + l. What is the units digit of f?
1
Let x(j) = j**2 - j. Let h(m) = -3*m**2 - 5. Let d(a) = h(a) + 2*x(a). Let n be d(-4). Let s = n - -20. What is the units digit of s?
7
Suppose -2*s + 27 - 11 = -3*c, 2*s = c + 8. Suppose 0 = q - 0*q + s. Let d = 6 + q. What is the units digit of d?
4
Suppose -3*d = -4*b - 10, -5*b - 10 = -3*d - 2. Let c(n) be the first derivative of -n**4/4 + 2*n**3 + 8*n + 6. What is the units digit of c(d)?
8
Let f(q) = -2*q - 5. Let s be f(-4). Let g(h) = 4*h**2 - 3*h + 1. Let b be g(2). What is the units digit of b + (-3)/s + -1?
9
Let m = 142 + 41. What is the units digit of m?
3
Let n be (-7 - -4) + 5 + 1. Suppose 3*k - 1 - 134 = -5*s, -4*s + n*k = -108. What is the tens digit of s?
2
Suppose -6*b + b = h + 9, h = -2*b + 3. What is the units digit of h?
1
Let r(d) = 3*d + 2. What is the units digit of r(0)?
2
Let y be 158/4 - 4/8. Let j = -21 + y. What is the tens digit of j?
1
Let s = -6 - -10. Suppose -4*w + s*x = -80, -w - 4*x + 0*x = 5. What is the units digit of w - ((-3)/(-3))/1?
4
Let m(c) = c - 2. Let j be m(4). Let y = 3 - j. What is the units digit of y?
1
What is the tens digit of (-8)/28 + 1012/14?
7
Suppose -3*k + 142 + 293 = 0. Suppose -o = -4*o - 4*l + 110, -4*o - 5*l = -k. What is the units digit of o?
0
Let c = -9 - -83. What is the tens digit of c?
7
Let r be 4*(-1)/(-2) + 1. Suppose -6 - 33 = -r*x. What is the tens digit of x?
1
Let d(s) = -s**3 + 4*s**2 + s. What is the units digit of d(4)?
4
Let n be (-1)/(-4) - (-21)/(-4). Let t(k) = -k - 2. Let i(q) = 2*q + 1. Let l(o) = -3*i(o) - 4*t(o). What is the units digit of l(n)?
5
Let f be (-8 - -2)*(-31)/3. Suppose 4*c - 50 - f = 0. What is the units digit of c?
8
Let c(k) = 115*k**2 - 1. What is the tens digit of c(-1)?
1
Let m(t) = -t**3 + 2*t**2 + 3*t + 2. Let g be m(3). Suppose -g*k = 3*u - 27, 21 = -3*u + 6*u + 4*k. What is the units digit of u?
1
Suppose 3*t + s = 4*s, -21 = 3*t + 4*s. Let d be (-2 - 1)*(-7)/t. Let l(h) = h**3 + 7*h**2 - 2*h - 5. What is the units digit of l(d)?
9
Let u(v) be the first derivative of 1 + 5/3*v**3 - 1/4*v**4 + 0*v - v**2. What is the units digit of u(4)?
8
Let o be (-2 - 3)/(1/(-1)). Suppose -7 = -4*w + o*d, 0 = -3*w + d + d. What is the units digit of (-24)/3*(w + 1)?
8
Let q(v) = v + 8. Let r = -16 - -9. What is the units digit of q(r)?
1
Let w(y) = -y. What is the units digit of w(-10)?
0
Suppose 0 = 5*k - 4*k - 24. Suppose y - 4*y = -k. Suppose -g + y + 0 = 0. What is the units digit of g?
8
What is the tens digit of 4/10 - 690/(-25)?
2
Let l = 17 - 11. Suppose l*d - 115 = d. What is the units digit of d?
3
Let s be ((-22)/3 - -3)*-3. Let v = s - 20. Let q = 2 - v. What is the units digit of q?
9
Let n be ((-20)/8)/(2/(-4)). Suppose -2*s = -2*t - 26, 3*s - t = -n*t + 11. Let c = -1 + s. What is the units digit of c?
8
Suppose -4*q + 38 = -210. What is the tens digit of (q/(-2))/(0 - 1)?
3
Let v(d) = -2*d**3 - 7*d**2 + 5*d + 1. What is the units digit of v(-5)?
1
Let m(d) = 2*d**2 + 1. Suppose l - 24 = -2*l. Suppose -3*u = u + 2*t + 4, 0 = -2*u + 2*t - l. What is the units digit of m(u)?
9
Let x = -108 + 58. Let h = -30 - x. What is the tens digit of h?
2
Let c = -24 - -14. What is the tens digit of (84/c)/(16/(-40))?
2
Suppose 3*g = g + 4*n + 12, 4*n = -5*g + 30. Let v be g*(3/2)/3. Suppose -v*b = -t - 6*b + 11, -1 = -2*t + b. What is the units digit of t?
2
Let c(d) = d**3 - 10*d**2 + 3*d - 8. What is the tens digit of c(10)?
2